{"id":19,"date":"2019-10-30T13:41:59","date_gmt":"2019-10-30T12:41:59","guid":{"rendered":"https:\/\/sgleimbach.de\/?page_id=19"},"modified":"2024-11-29T15:32:28","modified_gmt":"2024-11-29T14:32:28","slug":"basketball","status":"publish","type":"page","link":"https:\/\/www.sgleimbach.de\/index.php\/basketball\/","title":{"rendered":"Basketball"},"content":{"rendered":"<p>[vc_row row_type=&#8220;row&#8220; use_row_as_full_screen_section=&#8220;no&#8220; type=&#8220;grid&#8220; text_align=&#8220;left&#8220; background_animation=&#8220;none&#8220; css_animation=&#8220;&#8220;][vc_column width=&#8220;1\/6&#8243;][\/vc_column][vc_column width=&#8220;4\/6&#8243;][vc_empty_space height=&#8220;96px&#8220;][vc_column_text]<\/p>\n<p style=\"text-align: center;\">Unsere Abteilung Basketball umfasst 25 aktive Spieler, welche in unserer Basketball-Mannschaft Seamr\u00f3g Basketballclub Nordhausen\/Leimbach in der Th\u00fcringer Oberliga spielen. Au\u00dferdem geh\u00f6rt zu unserer Abteilung Basketball eine Jugendmannschaft, welche derzeit noch nicht am Ligabetrieb teilnimmt.<\/p>\n<p>[\/vc_column_text][vc_empty_space height=&#8220;96px&#8220;][\/vc_column][vc_column width=&#8220;1\/6&#8243;][\/vc_column][\/vc_row][vc_row row_type=&#8220;row&#8220; use_row_as_full_screen_section=&#8220;no&#8220; type=&#8220;grid&#8220; text_align=&#8220;left&#8220; background_animation=&#8220;none&#8220; css_animation=&#8220;&#8220;][vc_column width=&#8220;1\/3&#8243;][vc_column_text]<\/p>\n<h3>Trainingszeiten<\/h3>\n<p>[\/vc_column_text][vc_empty_space height=&#8220;64px&#8220;][vc_column_text]<\/p>\n<h4>Mittwoch<\/h4>\n<p>20:00 &#8211; 22:00 Uhr<\/p>\n<p>Wiedigsburghalle[\/vc_column_text][vc_empty_space][\/vc_column][vc_column width=&#8220;1\/3&#8243;][vc_column_text]<\/p>\n<h3>Ansprechpartner<\/h3>\n<p>[\/vc_column_text][vc_empty_space height=&#8220;64px&#8220;][vc_column_text]<\/p>\n<h4>Andr\u00e9 Rummel<\/h4>\n<p>E-Mail: <a href=\"mailto:rummel@sgleimbach.de\">rummel@sgleimbach.de<\/a><\/p>\n<p>Mobil: <a href=\"tel:017664642532\">017664642532<\/a>[\/vc_column_text][vc_empty_space][\/vc_column][vc_column width=&#8220;1\/3&#8243;][vc_column_text]<\/p>\n<h3>Anprechpartner<\/h3>\n<p>[\/vc_column_text][vc_column_text]<\/p>\n<h4>Jugend<\/h4>\n<p>[\/vc_column_text][vc_empty_space height=&#8220;24px&#8220;][vc_column_text]<\/p>\n<h4>Thomas M\u00fcller<\/h4>\n<p>E-Mail: <a href=\"mailto:mueller@sgleimbach.de\">mueller@sgleimbach.de<\/a>[\/vc_column_text][vc_empty_space][\/vc_column][\/vc_row][vc_row row_type=&#8220;row&#8220; use_row_as_full_screen_section=&#8220;no&#8220; type=&#8220;grid&#8220; text_align=&#8220;left&#8220; background_animation=&#8220;none&#8220; css_animation=&#8220;&#8220; css=&#8220;.vc_custom_1564734027545{background-color: #e5ecf2 !important;}&#8220;][vc_column][vc_empty_space height=&#8220;96px&#8220;][vc_column_text]<\/p>\n<h1>Unsere Mini-Basketballmannschaft<\/h1>\n<p>[\/vc_column_text][vc_empty_space height=&#8220;64px&#8220;][vc_column_text]Unsere Kindermannschaft wird von Thomas M\u00fcller und Andr\u00e9 Rummel trainiert. Wir trainieren mittwochs 16:30 &#8211; 17:30 Uhr in der Petersberghalle in Nordhausen. Alle basketballbegeisterten Kinder von 6 bis 8 Jahren sind zu unserem Training herzlich eingeladen. Bei Fragen meldet euch telefonisch oder per Mail.[\/vc_column_text][vc_empty_space][vc_empty_space height=&#8220;64px&#8220;][\/vc_column][\/vc_row]<\/p>\n","protected":false},"excerpt":{"rendered":"<p>[vc_row row_type=&#8220;row&#8220; use_row_as_full_screen_section=&#8220;no&#8220; type=&#8220;grid&#8220; text_align=&#8220;left&#8220; background_animation=&#8220;none&#8220; css_animation=&#8220;&#8220;][vc_column width=&#8220;1\/6&#8243;][\/vc_column][vc_column width=&#8220;4\/6&#8243;][vc_empty_space height=&#8220;96px&#8220;][vc_column_text] Unsere Abteilung Basketball umfasst 25 aktive Spieler, welche in unserer Basketball-Mannschaft Seamr\u00f3g Basketballclub Nordhausen\/Leimbach in der Th\u00fcringer Oberliga spielen. Au\u00dferdem geh\u00f6rt zu unserer Abteilung Basketball eine Jugendmannschaft, welche derzeit noch nicht am Ligabetrieb teilnimmt. [\/vc_column_text][vc_empty_space&#8230;<\/p>\n","protected":false},"author":1,"featured_media":0,"parent":0,"menu_order":0,"comment_status":"closed","ping_status":"closed","template":"full_width.php","meta":[],"_links":{"self":[{"href":"https:\/\/www.sgleimbach.de\/index.php\/wp-json\/wp\/v2\/pages\/19"}],"collection":[{"href":"https:\/\/www.sgleimbach.de\/index.php\/wp-json\/wp\/v2\/pages"}],"about":[{"href":"https:\/\/www.sgleimbach.de\/index.php\/wp-json\/wp\/v2\/types\/page"}],"author":[{"embeddable":true,"href":"https:\/\/www.sgleimbach.de\/index.php\/wp-json\/wp\/v2\/users\/1"}],"replies":[{"embeddable":true,"href":"https:\/\/www.sgleimbach.de\/index.php\/wp-json\/wp\/v2\/comments?post=19"}],"version-history":[{"count":18,"href":"https:\/\/www.sgleimbach.de\/index.php\/wp-json\/wp\/v2\/pages\/19\/revisions"}],"predecessor-version":[{"id":1611,"href":"https:\/\/www.sgleimbach.de\/index.php\/wp-json\/wp\/v2\/pages\/19\/revisions\/1611"}],"wp:attachment":[{"href":"https:\/\/www.sgleimbach.de\/index.php\/wp-json\/wp\/v2\/media?parent=19"}],"curies":[{"name":"wp","href":"https:\/\/api.w.org\/{rel}","templated":true}]}}