{"id":11,"date":"2019-04-26T13:41:09","date_gmt":"2019-04-26T11:41:09","guid":{"rendered":"https:\/\/sgleimbach.de\/?page_id=11"},"modified":"2024-11-29T15:36:56","modified_gmt":"2024-11-29T14:36:56","slug":"der-verein","status":"publish","type":"page","link":"https:\/\/www.sgleimbach.de\/index.php\/der-verein\/","title":{"rendered":"Der Verein"},"content":{"rendered":"<p>[vc_row row_type=&#8220;row&#8220; use_row_as_full_screen_section=&#8220;no&#8220; type=&#8220;grid&#8220; text_align=&#8220;left&#8220; background_animation=&#8220;none&#8220; css_animation=&#8220;&#8220;][vc_column][vc_empty_space height=&#8220;96px&#8220;][vc_column_text]<\/p>\n<h2>Die SG Leimbach wurde 1946 gegr\u00fcndet und besteht aus 223 Mitgliedern<\/h2>\n<p>[\/vc_column_text][vc_empty_space height=&#8220;64px&#8220;][vc_column_text]<\/p>\n<h2>Der Verein unterteilt sich momentan in:<\/h2>\n<p>[\/vc_column_text][vc_empty_space][\/vc_column][\/vc_row][vc_row row_type=&#8220;row&#8220; use_row_as_full_screen_section=&#8220;no&#8220; type=&#8220;grid&#8220; text_align=&#8220;left&#8220; background_animation=&#8220;none&#8220; css_animation=&#8220;&#8220;][vc_column width=&#8220;1\/3&#8243;][\/vc_column][vc_column width=&#8220;2\/3&#8243;][vc_column_text]<\/p>\n<ul>\n<li>die Fu\u00dfball-Herrenmannschaft, zugeh\u00f6rig zur TeamsportNDH-Kreisoberliga<\/li>\n<li>die 2. Fu\u00dfball-Herrenmannschaft, zugeh\u00f6rig zur Kreisklasse Nordth\u00fcringen Staffel 4<\/li>\n<li>den Seamr\u00f3g Basketball Club Nordhausen\/Leimbach, zugeh\u00f6rig zur Th\u00fcringer Oberliga<\/li>\n<li>die Sektion Volleyball, zugeh\u00f6rig zur Kreisliga Nordhausen<\/li>\n<li>den Seamr\u00f3g Rugby Club Nordhausen\/Leimbach<\/li>\n<li>den Gymnastiksportverein<\/li>\n<\/ul>\n<p>[\/vc_column_text][vc_empty_space height=&#8220;96px&#8220;][\/vc_column][\/vc_row][vc_row row_type=&#8220;row&#8220; use_row_as_full_screen_section=&#8220;no&#8220; type=&#8220;grid&#8220; text_align=&#8220;left&#8220; background_animation=&#8220;none&#8220; css_animation=&#8220;&#8220; css=&#8220;.vc_custom_1556441737246{background-color: #e5ecf2 !important;}&#8220;][vc_column][vc_empty_space height=&#8220;96px&#8220;][vc_column_text]<\/p>\n<h1 style=\"text-align: center;\">Unser Vorstand<\/h1>\n<p>[\/vc_column_text][vc_empty_space height=&#8220;64px&#8220;][\/vc_column][\/vc_row][vc_row row_type=&#8220;row&#8220; use_row_as_full_screen_section=&#8220;no&#8220; type=&#8220;grid&#8220; text_align=&#8220;left&#8220; background_animation=&#8220;none&#8220; css_animation=&#8220;&#8220; css=&#8220;.vc_custom_1556441792416{background-color: #e5ecf2 !important;}&#8220;][vc_column width=&#8220;1\/3&#8243;][vc_empty_space height=&#8220;16px&#8220;][vc_column_text]<\/p>\n<h3>Thomas Joachimi<\/h3>\n<p>erster Vorsitzender &amp; Pressebeauftragter<\/p>\n<p>E-Mail: <a href=\"mailto:joachimi@sgleimbach.de\">joachimi@sgleimbach.de<\/a>[\/vc_column_text][vc_empty_space][\/vc_column][vc_column width=&#8220;1\/3&#8243;][vc_empty_space height=&#8220;16px&#8220;][vc_column_text]<\/p>\n<h3>Sebastian Watterodt<\/h3>\n<p>stellvertretender Vorsitzender<\/p>\n<p>[\/vc_column_text][vc_empty_space][\/vc_column][vc_column width=&#8220;1\/3&#8243;][vc_empty_space height=&#8220;16px&#8220;][vc_column_text]<\/p>\n<h3>G\u00fcnther Blanke<\/h3>\n<p>Jugendwart &amp; Schriftf\u00fchrer<\/p>\n<p>E-Mail: <a href=\"mailto:blanke@sgleimbach.de\">blanke@sgleimbach.de<\/a>[\/vc_column_text][vc_empty_space][\/vc_column][\/vc_row][vc_row row_type=&#8220;row&#8220; use_row_as_full_screen_section=&#8220;no&#8220; type=&#8220;grid&#8220; text_align=&#8220;left&#8220; background_animation=&#8220;none&#8220; css_animation=&#8220;&#8220; css=&#8220;.vc_custom_1556441792416{background-color: #e5ecf2 !important;}&#8220;][vc_column width=&#8220;1\/3&#8243;][vc_empty_space height=&#8220;16px&#8220;][vc_column_text]<\/p>\n<h3>Hannes Teichmann<\/h3>\n<p>Sportwart<\/p>\n<p>E-Mail: <a href=\"mailto:teichmann@sgleimbach.de\">teichmann@sgleimbach.de<\/a>[\/vc_column_text][vc_empty_space][\/vc_column][vc_column width=&#8220;1\/3&#8243;][vc_empty_space height=&#8220;16px&#8220;][vc_column_text]<\/p>\n<h3>Conny Helbing<\/h3>\n<p>Abteilungsleiterin Fu\u00dfball<\/p>\n<p>&nbsp;<\/p>\n<p>E-Mail: helbing@sgleimbach.de[\/vc_column_text][vc_empty_space][\/vc_column][vc_column width=&#8220;1\/3&#8243;][vc_empty_space height=&#8220;16px&#8220;][vc_column_text]<\/p>\n<h3>Andre Rummel<\/h3>\n<p>Verantwortlicher Basketball<\/p>\n<p>E-Mail: <a href=\"mailto:rummel@sgleimbach.de\">rummel@sgleimbach.de<\/a>[\/vc_column_text][vc_empty_space][\/vc_column][\/vc_row][vc_row row_type=&#8220;row&#8220; use_row_as_full_screen_section=&#8220;no&#8220; type=&#8220;grid&#8220; text_align=&#8220;left&#8220; background_animation=&#8220;none&#8220; css_animation=&#8220;&#8220; css=&#8220;.vc_custom_1556441792416{background-color: #e5ecf2 !important;}&#8220;][vc_column width=&#8220;1\/3&#8243;][vc_empty_space height=&#8220;16px&#8220;][vc_column_text]<\/p>\n<h3>Detlef Hildebrandt<\/h3>\n<p>Verantwortlicher Volleyball<\/p>\n<p>E-Mail: <a href=\"mailto:hildebrandt@sgleimbach.de\">hildebrandt@sgleimbach.de<\/a>[\/vc_column_text][vc_empty_space][\/vc_column][vc_column width=&#8220;1\/3&#8243;][vc_empty_space height=&#8220;16px&#8220;][vc_column_text]<\/p>\n<h3>Diana Hirschelmann<\/h3>\n<p>Verantwortliche Gymnastik<\/p>\n<p>E-Mail: <a href=\"mailto:hirschelmann@sgleimbach.de\">hirschelmann@sgleimbach.de<\/a>[\/vc_column_text][vc_empty_space][\/vc_column][vc_column width=&#8220;1\/3&#8243;][vc_empty_space height=&#8220;16px&#8220;][vc_column_text]<\/p>\n<h3>David Schickschneit<\/h3>\n<p>Verantwortlicher Rugby<\/p>\n<p>E-Mail: <a href=\"mailto:schickschneit@sgleimbach.de\">schickschneit@sgleimbach.de<\/a>[\/vc_column_text][vc_empty_space][\/vc_column][\/vc_row][vc_row row_type=&#8220;row&#8220; use_row_as_full_screen_section=&#8220;no&#8220; type=&#8220;grid&#8220; text_align=&#8220;left&#8220; background_animation=&#8220;none&#8220; css_animation=&#8220;&#8220; css=&#8220;.vc_custom_1556441792416{background-color: #e5ecf2 !important;}&#8220;][vc_column width=&#8220;1\/3&#8243;][vc_empty_space height=&#8220;16px&#8220;][vc_column_text]<\/p>\n<h3>Sven Wei\u00dfkopf<\/h3>\n<p>Kassenwart[\/vc_column_text][vc_empty_space][\/vc_column][vc_column width=&#8220;1\/3&#8243;][vc_empty_space height=&#8220;16px&#8220;][vc_column_text]<\/p>\n<h3>Manfred Liesegang<\/h3>\n<p>Kassenpr\u00fcfer[\/vc_column_text][vc_empty_space][\/vc_column][vc_column width=&#8220;1\/3&#8243;][vc_empty_space height=&#8220;16px&#8220;][vc_column_text]<\/p>\n<h3>Werner Liesegang<\/h3>\n<p>Kassenpr\u00fcfer[\/vc_column_text][vc_empty_space][\/vc_column][\/vc_row][vc_row row_type=&#8220;row&#8220; use_row_as_full_screen_section=&#8220;no&#8220; type=&#8220;grid&#8220; text_align=&#8220;left&#8220; background_animation=&#8220;none&#8220; css_animation=&#8220;&#8220; css=&#8220;.vc_custom_1556441792416{background-color: #e5ecf2 !important;}&#8220;][vc_column width=&#8220;1\/3&#8243;][vc_empty_space height=&#8220;16px&#8220;][vc_column_text]<\/p>\n<h3>Hans-Joachim K\u00f6nig<\/h3>\n<p>Ehrenrat[\/vc_column_text][vc_empty_space][\/vc_column][vc_column width=&#8220;1\/3&#8243;][vc_empty_space height=&#8220;16px&#8220;][vc_column_text]<\/p>\n<h3>R\u00fcdiger Weiner<\/h3>\n<p>Ehrenrat[\/vc_column_text][vc_empty_space][\/vc_column][vc_column width=&#8220;1\/3&#8243;][vc_empty_space height=&#8220;16px&#8220;][vc_column_text]<\/p>\n<h3>Ernst Dembowsky<\/h3>\n<p>Ehrenrat[\/vc_column_text][vc_empty_space][\/vc_column][\/vc_row][vc_row row_type=&#8220;row&#8220; use_row_as_full_screen_section=&#8220;no&#8220; type=&#8220;full_width&#8220; text_align=&#8220;left&#8220; background_animation=&#8220;none&#8220; css_animation=&#8220;&#8220; css=&#8220;.vc_custom_1556442107340{background-color: #e5ecf2 !important;}&#8220;][vc_column][vc_empty_space height=&#8220;64px&#8220;][\/vc_column][\/vc_row][vc_row row_type=&#8220;row&#8220; use_row_as_full_screen_section=&#8220;no&#8220; type=&#8220;grid&#8220; text_align=&#8220;left&#8220; background_animation=&#8220;none&#8220; css_animation=&#8220;&#8220;][vc_column][vc_empty_space height=&#8220;96px&#8220;][vc_column_text]<\/p>\n<h1 style=\"text-align: center;\">Unsere Ehrenmitglieder<\/h1>\n<p>[\/vc_column_text][vc_empty_space height=&#8220;64px&#8220;][vc_column_text]<\/p>\n<p style=\"text-align: center;\">\u2020 Hans Nerke \u2020<br \/>\nBodo Stadler<br \/>\nFrank K\u00f6nig<br \/>\n\u2020 Rolf Teichmann \u2020<br \/>\n\u2020 Manfred Kaufholz \u2020<br \/>\nWolfgang Liebs<br \/>\n\u2020 Manfred Tiemert \u2020<\/p>\n<p>[\/vc_column_text][vc_empty_space height=&#8220;96&#8243;][\/vc_column][\/vc_row]<\/p>\n","protected":false},"excerpt":{"rendered":"<p>[vc_row row_type=&#8220;row&#8220; use_row_as_full_screen_section=&#8220;no&#8220; type=&#8220;grid&#8220; text_align=&#8220;left&#8220; background_animation=&#8220;none&#8220; css_animation=&#8220;&#8220;][vc_column][vc_empty_space height=&#8220;96px&#8220;][vc_column_text] Die SG Leimbach wurde 1946 gegr\u00fcndet und besteht aus 223 Mitgliedern [\/vc_column_text][vc_empty_space height=&#8220;64px&#8220;][vc_column_text] Der Verein unterteilt sich momentan in: [\/vc_column_text][vc_empty_space][\/vc_column][\/vc_row][vc_row row_type=&#8220;row&#8220; use_row_as_full_screen_section=&#8220;no&#8220; type=&#8220;grid&#8220; text_align=&#8220;left&#8220; background_animation=&#8220;none&#8220; css_animation=&#8220;&#8220;][vc_column width=&#8220;1\/3&#8243;][\/vc_column][vc_column width=&#8220;2\/3&#8243;][vc_column_text] die Fu\u00dfball-Herrenmannschaft, zugeh\u00f6rig zur TeamsportNDH-Kreisoberliga die 2. Fu\u00dfball-Herrenmannschaft, zugeh\u00f6rig&#8230;<\/p>\n","protected":false},"author":1,"featured_media":0,"parent":0,"menu_order":0,"comment_status":"closed","ping_status":"closed","template":"full_width.php","meta":[],"_links":{"self":[{"href":"https:\/\/www.sgleimbach.de\/index.php\/wp-json\/wp\/v2\/pages\/11"}],"collection":[{"href":"https:\/\/www.sgleimbach.de\/index.php\/wp-json\/wp\/v2\/pages"}],"about":[{"href":"https:\/\/www.sgleimbach.de\/index.php\/wp-json\/wp\/v2\/types\/page"}],"author":[{"embeddable":true,"href":"https:\/\/www.sgleimbach.de\/index.php\/wp-json\/wp\/v2\/users\/1"}],"replies":[{"embeddable":true,"href":"https:\/\/www.sgleimbach.de\/index.php\/wp-json\/wp\/v2\/comments?post=11"}],"version-history":[{"count":17,"href":"https:\/\/www.sgleimbach.de\/index.php\/wp-json\/wp\/v2\/pages\/11\/revisions"}],"predecessor-version":[{"id":1612,"href":"https:\/\/www.sgleimbach.de\/index.php\/wp-json\/wp\/v2\/pages\/11\/revisions\/1612"}],"wp:attachment":[{"href":"https:\/\/www.sgleimbach.de\/index.php\/wp-json\/wp\/v2\/media?parent=11"}],"curies":[{"name":"wp","href":"https:\/\/api.w.org\/{rel}","templated":true}]}}